 -3 - -2))
-7
Calculate (13 + -35 - (1 - 3)) + 13.
-7
Calculate (-9 + 3 - (-10 + -1 + -1)) + -6.
0
What is the value of 4 + 5 + (22 - 12 - 15)?
4
Calculate (-66 - -31) + 44 - (4 + -1).
6
47 + -23 + -6 + -8
10
What is the value of -28 + (27 - (-35 - -11))?
23
Calculate -7 - (5 + 14 + -12 - (-1 - -34)).
19
Evaluate -12 - (-13 - ((-14 - 3) + -4)).
-20
Evaluate 26 + (10 + 0 - (-57 - -57)).
36
Calculate 5 + -5 + (6 - 25 - -8).
-11
(-1 - 4) + 17 + -12 + -12 + 7
-5
What is (-4 - 0) + 1 + -143 + 151?
5
What is (-29 - 1) + 9 - -6?
-15
5 - (2 + 1 + (-11 - 0) + 7)
6
What is (-213 - -202) + (16 - 2) - 13?
-10
What is the value of (-3 + 15 - (35 - 27)) + 4?
8
-233 + 239 + (-14 - -1)
-7
What is the value of 2 - 18 - ((-12 - (-12 - -8)) + 6)?
-14
What is -1 + 15 + 2 + (-8 - (-3 + -1))?
12
What is the value of (-4 - -8) + 3 + -3?
4
Evaluate -171 + 137 - (1 - 24).
-11
5 - ((-13 - -23) + (9 - 0 - 3))
-11
What is 33 - ((-47 + 47 - (-1 - -13)) + 22)?
23
What is the value of -14 + (-3 - 1) + (24 - 8)?
-2
Evaluate 2 + 0 + (7 - -5) + -3.
11
What is the value of (25 - -3) + -7 + -170 + 170?
21
23 - (20 + 8 - -5)
-10
What is the value of -6 - (-5 + -5) - (-4 + -1)?
9
What is the value of 27 - (0 + (17 - 9))?
19
What is 7 + (-2 + (4 - 7) - 8)?
-6
Calculate 42 + (10 - 27) + -56.
-31
What is the value of -29 + (99 - 93 - (2 + -11))?
-14
Calculate 5 - (-19 - -32) - 0.
-8
What is the value of (2 - 5) + 4 + -8 + 3?
-4
Evaluate (15 - 9) + -9 - -10 - (3 + -2).
6
3 - -2 - (18 + -10 - 5)
2
2 - -10 - (60 - (79 - 1))
30
What is the value of -4 + 0 - (-20 + 0 + 2 + 2)?
12
Calculate 20 + 2 + (237 - 236).
23
What is the value of -2 - (-8 - -7 - 5 - (-3 + -1))?
0
What is the value of -7 + 3 + (16 - (14 + -25))?
23
19 - (14 - (-2 - -6)) - 16
-7
1 - 0 - (-7 - -8) - (66 + -76)
10
What is (322 - 288) + (-52 - 6)?
-24
What is the value of 11 - 12 - -1 - (3 + -24)?
21
7 - (17 - (0 - -10 - (-7 - -10)))
-3
What is the value of 1 + -4 - (-24 + 37 + -24)?
8
Evaluate 3 + (-32 - 6 - (-22 + (-3 - -15))).
-25
Calculate 16 + (-5 - (25 - 32)).
18
Evaluate -10 + (-9 - (20 - 29)).
-10
Evaluate -15 - (10 + -10 + -6).
-9
What is -14 - (20 - (33 + -16))?
-17
-46 - (-4 + -6 + -26)
-10
Evaluate -11 + (9 - (7 - -3)) + 28.
16
What is 7 + 6 + -9 + (-1 + 3 - 20)?
-14
Calculate 3 + -2 + -4 + 0 + 13.
10
0 + -12 + (42 - -50 - 67)
13
-363 - -395 - (37 - 2)
-3
What is the value of 11 - 1 - 1 - (0 - -20)?
-11
Evaluate (6 - 12 - -6 - (-8 - 2)) + 0.
10
Evaluate -2 + 4 + 100 + -118.
-16
What is -5 - (10 + -17 + 10) - 3?
-11
Evaluate -22 - (-37 - 1 - 6).
22
Calculate 26 + -29 - (-9 - -1) - -10.
15
19 + (-5 - -8) + -7 - 5
10
Calculate (-13 + -12 - -31) + 1 + -12 - 1.
-6
(8 - 3) + 6 + -11 - (0 - -4)
-4
What is (-1 - -6) + 118 + -121 - -5?
7
What is the value of (7 - (6 - -4)) + 0 + (0 - -1)?
-2
Calculate 9 - (47 + -38 + (-1 - 3)).
4
What is -29 + (3 - -23) + (10 - -1)?
8
Evaluate (0 - 0) + 13 - (-5526 + 5517).
22
Evaluate -47 + 50 + -6 + -8.
-11
5 + -22 + 22 + -7
-2
Calculate (1 - 6) + 8 + (-25 - -30) - 7.
1
What is the value of 5 + -7 + (0 - (0 - 6))?
4
What is the value of 61 + -16 + -35 - (2 + (-1 - -23))?
-14
Calculate -7 + 21 + -14 + 1.
1
What is -10 - 0 - (9 - (8 - (2 - 0)))?
-13
What is (15 - 16) + -7 + 1 + -8 + 2?
-13
What is 264 + -269 - (14 - -1)?
-20
Calculate (1 - -16) + -10 + 0 + -7.
0
5 + (-6 - (11 - 0 - (-26 - -29)))
-9
What is the value of (9 - 0) + 241 + -231?
19
(-4 - 0 - 21) + (-5 - (-6 + -9))
-15
What is the value of -6 + (-1 - (-9 + 9))?
-7
What is the value of 13 + -7 + -5 + -5?
-4
(4 - -7 - 6) + -4 + 2
3
Evaluate 13 - (29 + -8 + (-6 - 2)).
0
Evaluate 3 - (-5 + (-12 + 24 - 8)).
4
What is 11 + (-2 - (-15 + -2)) + -23?
3
Evaluate -1 - -2 - (-35 - -27).
9
What is 2 - (21 - (4 - -11))?
-4
Calculate (38 - 38) + 53 - 46.
7
Evaluate 58 - ((42 - 23) + 15).
24
Evaluate 10 + (-2 + 2 - -5) + 4.
19
Calculate 2 - -3 - (10 - 1) - (6 - 8).
-2
What is -2 + 6 + (-15 - (3 + (-4 - 8)))?
-2
What is the value of 13 + 13 + -14 - 11?
1
Calculate (4 - 2) + -11 - (-243 - -237).
-3
What is (1 - -38) + (2294 - 2331)?
2
Calculate (-11 - (-10 + 0)) + 13.
12
Evaluate -28 + 7 - (1 - (-5 - -14)).
-13
What is (-1 - (0 + -5)) + (-2178 - -2169) - -2?
-3
Calculate (-10 - -35) + -33 + 15.
7
What is 0 + (-2 - (-12 + 10))?
0
What is (14 - 23) + -12 + -7 + 11?
-17
Calculate 50 - (18 + (25 - 17)).
24
Calculate -19 + 2 - (13 - (8 + 10 + -3)).
-15
Calculate 8 + (-2 - (-3 + 5)) + 19 + -9.
14
-1 + 0 + -5 - 1 - (-445 - -423)
15
Evaluate -19 + 14 + -16 + 33.
12
Evaluate -6 + (-35 - 11) + 25.
-27
Calculate (-18 - -9 - -3) + -7 + 11.
-2
-2 + -1 + -1 - (16 - 8)
-12
(5 - (2 - -3)) + (-10 - (7 + -13))
-4
Evaluate 18 + 0 + (-179 - -165).
4
Calculate 67 - 23 - 28 - 40.
-24
What is -3 - (-14 + 9 + -5) - 0?
7
22 - 0 - (21 + 5 + -20)
16
What is the value of (12 - -8) + -11 + -13?
-4
What is the value of -12 + 32 + -20 + -2 + 3?
1
Evaluate -2 - ((3 - 1) + 0).
-4
(3 + (13 - 5) + -16 - -19) + -8
6
1 - (34 - (-6 - -19))
-20
What is -2 + -11 - (-6 + -13 + 7 + 15)?
-16
Evaluate (0 - (0 + -3 + 1 - -1)) + 2.
3
What is -10 - (-23 - -9 - (10 + -20))?
-6
9 + (-14 + 33 - 17)
11
Calculate (-28 - -35) + 1 + 3.
11
Calculate 1 + (-20 - -40 - 30).
-9
What is -35 - (44 - 84) - (0 + 13)?
-8
What is the value of -31 + 36 + (12 - 6) + (-1 - 1)?
9
What is the value of -26 + (82 - 11 - 37)?
8
What is the value of 27 - (-11 - (-1 - 26))?
11
What is the value of 0 - (2 + 4 + -3 + (-8 - -17))?
-12
Evaluate (-13 - (12 + -40)) + -5 + -2.
8
(-7 - (-21 + -5 + 7)) + -3 + 0
9
What is 15 + (-3 - 27) + 25?
10
-12 - (19 - 9) - -13
-9
Calculate 3 + -3 + -9 + 23 - 9.
5
(-13 + (11 - 6) - -17) + 6 + -1
14
What is the value of -5 + -8 + 6 + -2?
-9
3 + (-25 - (-78 - -44))
12
Evaluate -1 - (-7 - 0) - (-223 - -233).
-4
What is the value of -6 - (4 - (15 + -15)) - 13?
-23
Evaluate -8 - ((-1 - -36) + -33).
-10
-5 + (10 - 19) + -11
-25
What is the value of 4 - (-17 + 11 + (1 - (6 - 42)))?
-27
Calculate -13 + (3 - -7 - 9) - -15.
3
Calculate -29 + (-14 - (-3 - 21)).
-19
What is the value of 17 + 1 + 0 + (16 - 26) - -10?
18
Evaluate 37 + -28 + 2 + -32.
-21
What is the value of 10 + (-9 - (9 + -13) - -14)?
19
-11 - (50 - 22) - -23
-16
Calculate 1 + -20 + 2 - -12.
-5
What is (4 - (13 - -1)) + (5 - 2) + -5?
-12
What is the value of 11 + (0 - -9) + 16 + -12?
24
-61 + 107 - (20 - 1)
27
What is (172 - 157) + (-4 - (53 + -6))?
-36
Evaluate (14 - 3) + -3 + 0 + -1.
7
What is the value of -19 + (10 - 12 - -17)?
-4
Calculate -3 + 1 + (-3 - -8) + -2 + 4.
5
What is the value of (-14 + 1 - (-41 + 35)) + -2?
-9
Evaluate 6 - ((-5 - -1) + (-24 - -35)).
-1
What is the value of -12 - (-5 + -7 + -6)?
6
(-227 - -203) + -1 + 10
-15
Calculate -39 - (10 + -1 + (34 - 14 - 31)).
-37
Evaluate 17 - -6 - (10 + 4).
9
Evaluate 59 + (-31 - 16 - -18).
30
What is 37 + (-51 - (8 + 9))?
-31
What is 5 + 16 + (49 - 88)?
-18
Evaluate -18 - (45 + (9 - 78)).
6
Calculate 48 + -46 - (-5 + 1 - -1).
5
What is -6 - (-18 - (11 + -8))?
15
Evaluate 9 + -7 + (1 + 0 - (-2 - 0)).
5
Calculate -8 - (-11 - -11) - (2 - -2).
-12
Evaluate 21 + 4 + (-27 + 25 - (6 - 0)).
17
What is the value of (-8 - (-23 + 19)) + -10?
-14
Evaluate -3 + (-2 + -3 + 6 - (1 - 1)).
-2
What is 1276 + -1291 + 2 + (-2 - -3)?
-12
Calculate (-11 + 5 - (-1 - -1)) + 7 - -15.
16
Evaluate -89 + 70 - (0 - 25).
6
Evaluate (-318 - -326) + (-3 + 1 - (-2 + 4)).
4
Calculate -151 - -132 - (-11 + 2) - 9.
-19
Evaluate (-1 - (3 + -9)) + -13 + 5.
-3
What is 8 + -23 + 17 - 6?
-4
What is the value of 13 + -4 - ((0 - -10) + -2) - -8?
9
Evaluate 26 + -18 + 9 + -2.
15
-8 - ((0 + 2 - 6) + 4)
-8
(-1 - 13 - 3) + 14 + -23 + 3
-23
What is -13 + -2 - (-13 + -2)?
0
What is -141 + 134 - (1 + -23) - 10?
5
0 + (-12 + 9 + -8 - -12)
1
What is the value of -5 + -6 + (20 - -4)?
13
What is (-18 - 4 - -31) + (2 + -1 - -29)?
39
What is 6 + -28 - (-11 + 1 - 7)?
-5
Evaluate (124 + -113 - (18 + 0)) + -9.
-16
-23 - (-4 + -26) - -1
8
-3 - (16 + (-41 - -19))
3
What is 3 + ((1 - 5) + (9 - 7) - 4)?
-3
0 + -9 - (10 + -5 + 45 + -60)
1
Calculate -15 - (0 + -16 - -7).
-6
Evaluate (3 - 1 - (9 + -5)) + -13.
-15
What is the value of 0 + 8 + 20 + 16 + -62 + -8?
-26
Calculate -2 + 8 + (-254 - -249) - (-11 + 1).
11
What is -301 + 308 + (1 + -1 - 2)?
5
(-6 - (0 - 2)) + -93 + 98
1
What is the value of 3 - (6 + (1 + 4 - 4 - 5))?
1
What is t